{"id":1628,"date":"2014-04-04T20:05:59","date_gmt":"2014-04-04T20:05:59","guid":{"rendered":"http:\/\/www.eglise-wallonie.be\/?page_id=1628"},"modified":"2018-10-16T22:45:00","modified_gmt":"2018-10-16T20:45:00","slug":"nous-contacter","status":"publish","type":"page","link":"http:\/\/www.eglise-wallonie.be\/?page_id=1628","title":{"rendered":"Nous contacter"},"content":{"rendered":"<p>Pour en savoir plus sur Eglise-Wallonie, ou prendre contact, on peut s&rsquo;adresser au si\u00e8ge du mouvement situ\u00e9 Cortil du Coq Hardy, Verte Voie, 20, \u00e0 1348 Louvain-la-Neuve, o\u00f9 une permanence est g\u00e9n\u00e9ralement ouverte le jeudi de 9H \u00e0 12H.<\/p>\n<p>T\u00e9l\u00e9phone et t\u00e9l\u00e9copie : 010.45.51.22<\/p>\n<p>courriel : eglise_wallonie@ymail.com<\/p>\n","protected":false},"excerpt":{"rendered":"<p>Pour en savoir plus sur Eglise-Wallonie, ou prendre contact, on peut s&rsquo;adresser au si\u00e8ge du mouvement situ\u00e9 Cortil du Coq Hardy, Verte Voie, 20, \u00e0 1348 Louvain-la-Neuve, o\u00f9 une permanence&#8230;<\/p>\n","protected":false},"author":1,"featured_media":0,"parent":0,"menu_order":0,"comment_status":"open","ping_status":"open","template":"","meta":[],"_links":{"self":[{"href":"http:\/\/www.eglise-wallonie.be\/index.php?rest_route=\/wp\/v2\/pages\/1628"}],"collection":[{"href":"http:\/\/www.eglise-wallonie.be\/index.php?rest_route=\/wp\/v2\/pages"}],"about":[{"href":"http:\/\/www.eglise-wallonie.be\/index.php?rest_route=\/wp\/v2\/types\/page"}],"author":[{"embeddable":true,"href":"http:\/\/www.eglise-wallonie.be\/index.php?rest_route=\/wp\/v2\/users\/1"}],"replies":[{"embeddable":true,"href":"http:\/\/www.eglise-wallonie.be\/index.php?rest_route=%2Fwp%2Fv2%2Fcomments&post=1628"}],"version-history":[{"count":5,"href":"http:\/\/www.eglise-wallonie.be\/index.php?rest_route=\/wp\/v2\/pages\/1628\/revisions"}],"predecessor-version":[{"id":2392,"href":"http:\/\/www.eglise-wallonie.be\/index.php?rest_route=\/wp\/v2\/pages\/1628\/revisions\/2392"}],"wp:attachment":[{"href":"http:\/\/www.eglise-wallonie.be\/index.php?rest_route=%2Fwp%2Fv2%2Fmedia&parent=1628"}],"curies":[{"name":"wp","href":"https:\/\/api.w.org\/{rel}","templated":true}]}}

<p>Pour en savoir plus sur Eglise-Wallonie, ou prendre contact, on peut s&rsquo;adresser au siège du mouvement situé Cortil du Coq Hardy, Verte Voie, 20, à 1348 Louvain-la-Neuve, où une permanence est généralement ouverte le jeudi de 9H à 12H.</p>
<p>Téléphone et télécopie : 010.45.51.22</p>
<p>courriel : eglise_wallonie@ymail.com</p>

<p>Pour en savoir plus sur Eglise-Wallonie, ou prendre contact, on peut s&rsquo;adresser au siège du mouvement situé Cortil du Coq Hardy, Verte Voie, 20, à 1348 Louvain-la-Neuve, où une permanence&#8230;</p>
