{"id":1637,"date":"2014-04-04T20:09:01","date_gmt":"2014-04-04T20:09:01","guid":{"rendered":"http:\/\/www.eglise-wallonie.be\/?page_id=1637"},"modified":"2018-01-24T12:05:53","modified_gmt":"2018-01-24T11:05:53","slug":"histoire-et-memoire","status":"publish","type":"page","link":"http:\/\/www.eglise-wallonie.be\/?page_id=1637","title":{"rendered":"Histoire et m\u00e9moire"},"content":{"rendered":"<p>La Wallonie n&rsquo;a pas connu aussi fortement que la Flandre et d&rsquo;autres r\u00e9gions d&rsquo;Europe le syst\u00e8me de chr\u00e9tient\u00e9 sociologique; les chr\u00e9tiens y sont minoritaires. Pourtant, des chr\u00e9tiens et des chr\u00e9tiennes se sont engag\u00e9s dans la prise de conscience montante des r\u00e9alit\u00e9s wallonnes et dans les mouvements qui ont jalonn\u00e9 la r\u00e9gionalisation progressive de l&rsquo;Etat belge.<\/p>\n<p>Ces mouvements, ces associations, ces hommes, ces femmes font partie de l&rsquo;histoire de la Wallonie.<\/p>\n<p>Par ailleurs, d&rsquo;autres, m\u00eame s&rsquo;ils ne se revendiquaient pas d&rsquo;une appartenance wallonne explicite, ont par leur action fa\u00e7onn\u00e9 la Wallonie dans son potentiel \u00e9conomique, culturel, religieux.<\/p>\n<p>B\u00e2tir l&rsquo;avenir, c&rsquo;est prendre appui sur le pass\u00e9, non pour le reproduire mais pour valoriser cette forme d&rsquo;\u00e9colage collectif qu&rsquo;il repr\u00e9sente.<\/p>\n<p>Eglise-Wallonie veut contribuer \u00e0 cette m\u00e9moire active, par une meilleure connaissance du pass\u00e9 et par le souci constant de pallier l&rsquo;oubli, la perte des racines.<\/p>\n","protected":false},"excerpt":{"rendered":"<p>La Wallonie n&rsquo;a pas connu aussi fortement que la Flandre et d&rsquo;autres r\u00e9gions d&rsquo;Europe le syst\u00e8me de chr\u00e9tient\u00e9 sociologique; les chr\u00e9tiens y sont minoritaires. Pourtant, des chr\u00e9tiens et des chr\u00e9tiennes&#8230;<\/p>\n","protected":false},"author":1,"featured_media":0,"parent":0,"menu_order":0,"comment_status":"open","ping_status":"open","template":"","meta":[],"_links":{"self":[{"href":"http:\/\/www.eglise-wallonie.be\/index.php?rest_route=\/wp\/v2\/pages\/1637"}],"collection":[{"href":"http:\/\/www.eglise-wallonie.be\/index.php?rest_route=\/wp\/v2\/pages"}],"about":[{"href":"http:\/\/www.eglise-wallonie.be\/index.php?rest_route=\/wp\/v2\/types\/page"}],"author":[{"embeddable":true,"href":"http:\/\/www.eglise-wallonie.be\/index.php?rest_route=\/wp\/v2\/users\/1"}],"replies":[{"embeddable":true,"href":"http:\/\/www.eglise-wallonie.be\/index.php?rest_route=%2Fwp%2Fv2%2Fcomments&post=1637"}],"version-history":[{"count":1,"href":"http:\/\/www.eglise-wallonie.be\/index.php?rest_route=\/wp\/v2\/pages\/1637\/revisions"}],"predecessor-version":[{"id":1638,"href":"http:\/\/www.eglise-wallonie.be\/index.php?rest_route=\/wp\/v2\/pages\/1637\/revisions\/1638"}],"wp:attachment":[{"href":"http:\/\/www.eglise-wallonie.be\/index.php?rest_route=%2Fwp%2Fv2%2Fmedia&parent=1637"}],"curies":[{"name":"wp","href":"https:\/\/api.w.org\/{rel}","templated":true}]}}

Histoire et mémoire

<p>La Wallonie n&rsquo;a pas connu aussi fortement que la Flandre et d&rsquo;autres régions d&rsquo;Europe le système de chrétienté sociologique; les chrétiens y sont minoritaires. Pourtant, des chrétiens et des chrétiennes se sont engagés dans la prise de conscience montante des réalités wallonnes et dans les mouvements qui ont jalonné la régionalisation progressive de l&rsquo;Etat belge.</p>
<p>Ces mouvements, ces associations, ces hommes, ces femmes font partie de l&rsquo;histoire de la Wallonie.</p>
<p>Par ailleurs, d&rsquo;autres, même s&rsquo;ils ne se revendiquaient pas d&rsquo;une appartenance wallonne explicite, ont par leur action façonné la Wallonie dans son potentiel économique, culturel, religieux.</p>
<p>Bâtir l&rsquo;avenir, c&rsquo;est prendre appui sur le passé, non pour le reproduire mais pour valoriser cette forme d&rsquo;écolage collectif qu&rsquo;il représente.</p>
<p>Eglise-Wallonie veut contribuer à cette mémoire active, par une meilleure connaissance du passé et par le souci constant de pallier l&rsquo;oubli, la perte des racines.</p>

<p>La Wallonie n&rsquo;a pas connu aussi fortement que la Flandre et d&rsquo;autres régions d&rsquo;Europe le système de chrétienté sociologique; les chrétiens y sont minoritaires. Pourtant, des chrétiens et des chrétiennes&#8230;</p>
