{"id":1639,"date":"2014-04-04T20:09:29","date_gmt":"2014-04-04T20:09:29","guid":{"rendered":"http:\/\/www.eglise-wallonie.be\/?page_id=1639"},"modified":"2018-03-05T15:33:28","modified_gmt":"2018-03-05T14:33:28","slug":"institutions","status":"publish","type":"page","link":"http:\/\/www.eglise-wallonie.be\/?page_id=1639","title":{"rendered":"Institutions"},"content":{"rendered":"<p>La Wallonie dispose de ses propres institutions politiques, un parlement, un gouvernement.<\/p>\n<p>Elles restent fragiles dans un Etat f\u00e9d\u00e9ral toujours en mutation et doivent mieux rencontrer les d\u00e9fis qui se pr\u00e9sentent \u00e0 la Wallonie.<\/p>\n<p>Eglise-Wallonie veut contribuer au renforcement de ces institutions, tout en \u00e9tant exigeante sur leurs actions.<\/p>\n<p>L&rsquo;Eglise est aussi une institution. Eglise-Wallonie estime que les structures eccl\u00e9siastiques actuelles doivent se modifier: adaptation des dioc\u00e8ses aux nouvelles r\u00e9alit\u00e9s politiques et sociales, coll\u00e9gialit\u00e9 des \u00e9v\u00eaques au niveau de la Wallonie (conf\u00e9rence \u00e9piscopale wallonne).<\/p>\n<p>Au-del\u00e0 d&rsquo;un souci d&rsquo;adaptation aux r\u00e9alit\u00e9s institutionnelles, il y a en priorit\u00e9 une d\u00e9marche pastorale partant de ce que nous sommes et voulons devenir.<\/p>\n","protected":false},"excerpt":{"rendered":"<p>La Wallonie dispose de ses propres institutions politiques, un parlement, un gouvernement. Elles restent fragiles dans un Etat f\u00e9d\u00e9ral toujours en mutation et doivent mieux rencontrer les d\u00e9fis qui se&#8230;<\/p>\n","protected":false},"author":1,"featured_media":0,"parent":0,"menu_order":0,"comment_status":"open","ping_status":"open","template":"","meta":[],"_links":{"self":[{"href":"http:\/\/www.eglise-wallonie.be\/index.php?rest_route=\/wp\/v2\/pages\/1639"}],"collection":[{"href":"http:\/\/www.eglise-wallonie.be\/index.php?rest_route=\/wp\/v2\/pages"}],"about":[{"href":"http:\/\/www.eglise-wallonie.be\/index.php?rest_route=\/wp\/v2\/types\/page"}],"author":[{"embeddable":true,"href":"http:\/\/www.eglise-wallonie.be\/index.php?rest_route=\/wp\/v2\/users\/1"}],"replies":[{"embeddable":true,"href":"http:\/\/www.eglise-wallonie.be\/index.php?rest_route=%2Fwp%2Fv2%2Fcomments&post=1639"}],"version-history":[{"count":2,"href":"http:\/\/www.eglise-wallonie.be\/index.php?rest_route=\/wp\/v2\/pages\/1639\/revisions"}],"predecessor-version":[{"id":2346,"href":"http:\/\/www.eglise-wallonie.be\/index.php?rest_route=\/wp\/v2\/pages\/1639\/revisions\/2346"}],"wp:attachment":[{"href":"http:\/\/www.eglise-wallonie.be\/index.php?rest_route=%2Fwp%2Fv2%2Fmedia&parent=1639"}],"curies":[{"name":"wp","href":"https:\/\/api.w.org\/{rel}","templated":true}]}}

<p>La Wallonie dispose de ses propres institutions politiques, un parlement, un gouvernement.</p>
<p>Elles restent fragiles dans un Etat fédéral toujours en mutation et doivent mieux rencontrer les défis qui se présentent à la Wallonie.</p>
<p>Eglise-Wallonie veut contribuer au renforcement de ces institutions, tout en étant exigeante sur leurs actions.</p>
<p>L&rsquo;Eglise est aussi une institution. Eglise-Wallonie estime que les structures ecclésiastiques actuelles doivent se modifier: adaptation des diocèses aux nouvelles réalités politiques et sociales, collégialité des évêques au niveau de la Wallonie (conférence épiscopale wallonne).</p>
<p>Au-delà d&rsquo;un souci d&rsquo;adaptation aux réalités institutionnelles, il y a en priorité une démarche pastorale partant de ce que nous sommes et voulons devenir.</p>

<p>La Wallonie dispose de ses propres institutions politiques, un parlement, un gouvernement. Elles restent fragiles dans un Etat fédéral toujours en mutation et doivent mieux rencontrer les défis qui se&#8230;</p>
