{"id":1882,"date":"2014-12-05T09:41:50","date_gmt":"2014-12-05T09:41:50","guid":{"rendered":"http:\/\/www.eglise-wallonie.be\/?page_id=1882"},"modified":"2025-04-07T11:18:56","modified_gmt":"2025-04-07T09:18:56","slug":"documentation","status":"publish","type":"page","link":"http:\/\/www.eglise-wallonie.be\/?page_id=1882","title":{"rendered":"Feuillets"},"content":{"rendered":"<ul>\n<li>Feuillet 1, octobre 2015,\u00a0<span style=\"color: #993300;\"><span style=\"color: #ff0000;\">A propos de la formation et de l&rsquo;\u00e9ducation<\/span><span style=\"color: #000000;\">, (Jean Pirotte, Jos Pirson, Fondation Wallonne)\u00a0<a href=\"http:\/\/www.eglise-wallonie.be\/wp-content\/uploads\/EWFeuillets1.pdf\">EW Feuillet 1<\/a><\/span><\/span><\/li>\n<li>Feuillet 2, mai 2017, <span style=\"color: #ff0000;\">Doctrine sociale, soci\u00e9t\u00e9, violence, engagement citoyen<span style=\"color: #000000;\">, (Jean-Pierre Lema\u00eetre, Pape Fran\u00e7ois, Cemo&rsquo;s, Jos Pirson) <a href=\"http:\/\/www.eglise-wallonie.be\/wp-content\/uploads\/EW-Feuillets-2-bisbis.pdf\"><span style=\"color: #0000ff;\">EW Feuillet 2<\/span><\/a><\/span><\/span><\/li>\n<li>Feuillet 3, avril 2019,\u00a0<span style=\"color: #ff0000;\">D\u00e9mocratie, soci\u00e9t\u00e9 multiculturelle, recherches sur la connaissance et le d\u00e9veloppement de la Wallonie<span style=\"color: #000000;\">, (Jos Pirson, Fondation Wallonne : prix, r\u00e8glement, m\u00e9moires et th\u00e8ses nomin\u00e9s de 1989 \u00e0 2017, Pierre Tilly)<a href=\"http:\/\/www.eglise-wallonie.be\/wp-content\/uploads\/EW-Feuillets-3.pdf\"> EW Feuillet 3<\/a>\u00a0<\/span><\/span><\/li>\n<li>Feuillet 4, f\u00e9vrier 2021,\u00a0<span style=\"color: #ff0000;\">Un toit pour mon fr\u00e8re. Micro-coop\u00e9ration Argentino-Wallonne<span style=\"color: #000000;\"> (Baudhuin Ledecq, Andr\u00e9 Van Kerrebroeck, Pierre Mannaert) <a href=\"http:\/\/www.eglise-wallonie.be\/wp-content\/uploads\/EW-Feuillet-4.pdf\">EW Feuillet 4<\/a><\/span><\/span><\/li>\n<li>Feuillet 5, novembre 2022, <span style=\"color: #ff6600;\">Point de vue sur la la\u00efcit\u00e9 dans notre pays<span style=\"color: #000000;\">, (Jean-Pierre Lema\u00eetre), <a href=\"http:\/\/www.eglise-wallonie.be\/wp-content\/uploads\/EW-Feuillets-5-.pdf\">EW Feuillet 5<\/a><\/span><\/span><\/li>\n<li>Feuillet 6, d\u00e9cembre 2022,\u00a0<span style=\"color: #ff6600;\">Jacques Toint, urbaniste, technicien, humaniste<span style=\"color: #000000;\">, (Pierre Dufaux), <a href=\"http:\/\/www.eglise-wallonie.be\/wp-content\/uploads\/EW-Feuillet-6-.pdf\">EW Feuillet 6<\/a>, <a href=\"http:\/\/www.eglise-wallonie.be\/wp-content\/uploads\/J.-TOINT-dans-SDRW.1977.pdf\"><span style=\"color: #008080;\">annexe<\/span><\/a><\/span><\/span><\/li>\n<\/ul>\n","protected":false},"excerpt":{"rendered":"<p>Feuillet 1, octobre 2015,\u00a0A propos de la formation et de l&rsquo;\u00e9ducation, (Jean Pirotte, Jos Pirson, Fondation Wallonne)\u00a0EW Feuillet 1 Feuillet 2, mai 2017, Doctrine sociale, soci\u00e9t\u00e9, violence, engagement citoyen, (Jean-Pierre&#8230;<\/p>\n","protected":false},"author":1,"featured_media":0,"parent":0,"menu_order":0,"comment_status":"closed","ping_status":"closed","template":"","meta":[],"_links":{"self":[{"href":"http:\/\/www.eglise-wallonie.be\/index.php?rest_route=\/wp\/v2\/pages\/1882"}],"collection":[{"href":"http:\/\/www.eglise-wallonie.be\/index.php?rest_route=\/wp\/v2\/pages"}],"about":[{"href":"http:\/\/www.eglise-wallonie.be\/index.php?rest_route=\/wp\/v2\/types\/page"}],"author":[{"embeddable":true,"href":"http:\/\/www.eglise-wallonie.be\/index.php?rest_route=\/wp\/v2\/users\/1"}],"replies":[{"embeddable":true,"href":"http:\/\/www.eglise-wallonie.be\/index.php?rest_route=%2Fwp%2Fv2%2Fcomments&post=1882"}],"version-history":[{"count":16,"href":"http:\/\/www.eglise-wallonie.be\/index.php?rest_route=\/wp\/v2\/pages\/1882\/revisions"}],"predecessor-version":[{"id":2986,"href":"http:\/\/www.eglise-wallonie.be\/index.php?rest_route=\/wp\/v2\/pages\/1882\/revisions\/2986"}],"wp:attachment":[{"href":"http:\/\/www.eglise-wallonie.be\/index.php?rest_route=%2Fwp%2Fv2%2Fmedia&parent=1882"}],"curies":[{"name":"wp","href":"https:\/\/api.w.org\/{rel}","templated":true}]}}