{"id":1887,"date":"2014-12-05T09:57:35","date_gmt":"2014-12-05T09:57:35","guid":{"rendered":"http:\/\/www.eglise-wallonie.be\/?page_id=1887"},"modified":"2020-03-08T09:35:55","modified_gmt":"2020-03-08T08:35:55","slug":"agenda","status":"publish","type":"page","link":"http:\/\/www.eglise-wallonie.be\/?page_id=1887","title":{"rendered":"Agenda"},"content":{"rendered":"<p><strong><span style=\"color: #ff6600;\">DATE A BLOQUER : 9 MAI <span style=\"color: #000000;\">Conf\u00e9rence-d\u00e9bat avec Christian LAPORTE<\/span>, journaliste (14h30-16), <span style=\"color: #008000;\">Assembl\u00e9e g\u00e9n\u00e9rale\u00a0<span style=\"caret-color: #ff6600;\">annuelle<\/span>\u00a0d&rsquo;EW<\/span> (16h-17h30) \u00e0 Namur, Escholle des Pauvres, 20 rue Ruppl\u00e9mont<\/span><\/strong><\/p>\n<p><strong><span style=\"color: #ff6600;\">25 janvier 2020 r\u00e9union du Comit\u00e9 \u00e0 Louvain-la-Neuve (Fondation Wallonne)<\/span><\/strong> , dont pr\u00e9paration Assembl\u00e9e g\u00e9n\u00e9rale<\/p>\n<p><strong><span style=\"color: #ff6600;\">16 novembre 2019 r\u00e9union du Comit\u00e9 \u00e0 Louvain-la-Neuve (F<span style=\"caret-color: #ff6600;\">ondation<\/span>\u00a0Wallonne)<\/span><\/strong><\/p>\n<p><strong><span style=\"color: #ff6600;\">1er juin 2019 <span style=\"color: #000000;\">d\u00e9c\u00e8s \u00e0 Namur de l&rsquo;abb\u00e9 Maurice Cheza, professeur \u00e9m\u00e9rite \u00e0 l&rsquo;UCL, membre du Comit\u00e9 d&rsquo;Eglise-Wallonie <\/span><\/span><\/strong><span style=\"color: #ff6600;\"><span style=\"color: #000000;\">(voir\u00a0<\/span><\/span><span style=\"color: #000000;\"><span style=\"caret-color: #000000;\">bulletin<strong><span style=\"color: #0000ff;\"> <a style=\"color: #0000ff;\" href=\"http:\/\/www.eglise-wallonie.be\/wp-content\/uploads\/EW-BULL-22019-pdf.pdf\">2\/2019<\/a><\/span><\/strong>, pp. 4-6)<\/span><\/span><\/p>\n<p><a href=\"http:\/\/www.eglise-wallonie.be\/wp-content\/uploads\/Maurice-Cheza.jpeg\"><img loading=\"lazy\" class=\"wp-image-2461 alignnone\" src=\"http:\/\/www.eglise-wallonie.be\/wp-content\/uploads\/Maurice-Cheza-216x300.jpeg\" alt=\"\" width=\"254\" height=\"352\" srcset=\"http:\/\/www.eglise-wallonie.be\/wp-content\/uploads\/Maurice-Cheza-216x300.jpeg 216w, http:\/\/www.eglise-wallonie.be\/wp-content\/uploads\/Maurice-Cheza-768x1065.jpeg 768w, http:\/\/www.eglise-wallonie.be\/wp-content\/uploads\/Maurice-Cheza-738x1024.jpeg 738w, http:\/\/www.eglise-wallonie.be\/wp-content\/uploads\/Maurice-Cheza.jpeg 933w\" sizes=\"(max-width: 254px) 100vw, 254px\" \/><\/a><\/p>\n<p><strong><span style=\"color: #ff6600;\">11 mai 2019 <span style=\"caret-color: #ff6600;\">\u00a0<\/span><span style=\"caret-color: #ff6600;\">r\u00e9union du comit\u00e9 \u00e0 Namur (Escholle\u00a0dominicale pour les Pauvres)<\/span>\u00a0<\/span><\/strong><\/p>\n<p><strong><span style=\"color: #ff6600;\">18 mars 2019 <span style=\"color: #008000;\"><a href=\"http:\/\/www.eglise-wallonie.be\/wp-content\/uploads\/Rolin-Conf\u00e9rence.pdf\">Conf\u00e9rence d\u00e9bat<\/a> de Claude Rolin, D\u00e9put\u00e9 europ\u00e9en, ancien syndicaliste CSC : L&rsquo;Europe sociale, mythe ou r\u00e9alit\u00e9 ?<\/span><\/span><\/strong><\/p>\n<p><strong><span style=\"color: #ff6600;\">19 mai 2018<span style=\"caret-color: #ff6600;\">\u00a0<\/span><span style=\"caret-color: #ff6600;\">r\u00e9union du comit\u00e9 \u00e0 Namur (Escholle\u00a0dominicale pour les Pauvres)<\/span><\/span><\/strong><\/p>\n<p><strong><span style=\"color: #ff6600;\">1er d\u00e9cembre 2018 <\/span><span style=\"color: #ff0000;\">ASSEMBLEE GENERALE OUVERTE<\/span><span style=\"color: #ff6600;\">, apr\u00e8s-midi \u00e0\u00a0Namur <\/span><span style=\"color: #333300;\">\u00e9lection, au terme d&rsquo;un mandat de 4 ans au Comit\u00e9, de Jacques Briard, Maurice Cheza, Ren\u00e9 Dardenne, Pierrot Dufaux, Luc Mar\u00e9chal, Andr\u00e9 Michel, Dominique Pirson au Comit\u00e9,\u00a0<\/span><b><span style=\"color: #333300;\">Edouard Brion et Joseph Pirson\u00a0<span style=\"caret-color: #333300;\">sont confirm\u00e9s<\/span>\u00a0membres associ\u00e9s du Comit\u00e9.\u00a0<\/span><span style=\"color: #333300;\">Rapports\u00a0d&rsquo;activit\u00e9 et des finances<\/span><span style=\"color: #333300;\">, adoption des\u00a0orientations d&rsquo;actions pour l&rsquo;ann\u00e9e 2019.<\/span><\/b><\/strong><span style=\"color: #333333;\"><span style=\"color: #ff6600;\"><span style=\"color: #333333;\">\u00a0<span style=\"color: #008000;\"><strong>Conf\u00e9rence de Joseph Pirson : \u00ab\u00a0Pour faire vivre la d\u00e9mocratie r\u00e9habiliter la\u00a0parole et l&rsquo;action citoyennes\u00a0\u00bb<span style=\"color: #000000;\">.<\/span> <span style=\"color: #000000;\">Adoption d&rsquo;un <a href=\"http:\/\/www.eglise-wallonie.be\/wp-content\/uploads\/AG-1-d\u00e9cembre-2018.pdf\">communiqu\u00e9<\/a><\/span> <span style=\"color: #000000;\">:<\/span> <span style=\"color: #800080;\">soutien aux actions citoyennes pour la d\u00e9mocratie et pour une \u00e9cologie social<\/span><\/strong><\/span><\/span><\/span><\/span><\/p>\n<p><strong><span style=\"color: #ff6600;\">19 mai <\/span><\/strong><span style=\"color: #ff6600;\"><strong>2018<\/strong><\/span><span style=\"caret-color: #ff6600;\">\u00a0<\/span><span style=\"caret-color: #ff6600;\">r\u00e9union du comit\u00e9 \u00e0 Namur (Escholle\u00a0dominicale pour les Pauvres)<\/span><\/p>\n<p><strong><span style=\"color: #ff6600;\">25 avril 2018 <span style=\"color: #333333;\">rencontre \u00e0 Malines d&rsquo;une d\u00e9l\u00e9gation d&rsquo;EW avec le cardinal De\u00a0<span style=\"caret-color: #ff6600;\">Kesel<\/span><\/span><\/span><\/strong><\/p>\n<p><strong><span style=\"color: #ff6600;\">\u00a019 avril 2018 <\/span><span style=\"color: #008000;\">pr\u00e9sentation du RIEH par ses responsables \u00e0 Lumen Vitae <\/span><\/strong><span style=\"color: #333333;\">et\u00a0le soir<\/span><strong><span style=\"color: #ff6600;\"><span style=\"color: #333333;\"><span style=\"color: #ff6600;\">\u00a0<span style=\"color: #008000;\">rencontre avec des mouvements du Namurois et de Wallonie<\/span><\/span><\/span><\/span><\/strong><\/p>\n<p><strong><span style=\"color: #ff6600;\"><span style=\"color: #333333;\"><span style=\"color: #ff6600;\">17 f\u00e9vrier 2018<\/span> <\/span><\/span><\/strong><span style=\"color: #ff6600;\"><span style=\"color: #333333;\">r\u00e9union du comit\u00e9 \u00e0 Namur (Escholle dominicale pour les Pauvres)<\/span><\/span><\/p>\n<p><strong><span style=\"color: #ff6600;\">1er janvier 2018<\/span> <span style=\"color: #ff6600;\">Adh\u00e9sion au r\u00e9seau\u00a0international pour une \u00e9conomie humaine <span style=\"color: #800080;\">RIEH<\/span><\/span> (anciennement Centre Lebret), deux repr\u00e9sentants d&rsquo;EW aupr\u00e8s du RIEH : <span style=\"color: #008000;\">Jacques Briard et Jean-Pierre Binam\u00e9<\/span><\/strong><\/p>\n<p><strong>\u00a0<span style=\"color: #ff6600;\">14 octobre 2017, apr\u00e8s-midi \u00e0 Namur<\/span>\u00a0<span style=\"color: #ff0000;\">Assembl\u00e9e<\/span>\u00a0<span style=\"color: #ff0000;\">G\u00e9n\u00e9rale annuelle statutaire.<\/span> Election de Claude Rolin, membre de l&rsquo;assembl\u00e9e. Rapports d&rsquo;activit\u00e9 et des finances. D\u00e9cision d&rsquo;adh\u00e9sion au <span style=\"color: #008000;\">R\u00e9seau International pour une Economie Humaine<\/span>. Organisation d&rsquo;un panel-d\u00e9bat public <span style=\"color: #008000;\">\u00ab\u00a0L&rsquo;avenir des terres agricoles en Wallonie, un d\u00e9fi notamment pour les CPAS et les Fabriques d&rsquo;Eglise\u00a0\u00bb<\/span><\/strong><\/p>\n<p><strong><span style=\"color: #ff6600;\">1 juillet 2017<\/span><\/strong> r\u00e9union du Comit\u00e9\u00a0<span style=\"color: #000000;\">\u00e0 Namur (Escholle dominicale pour les Pauvres)<\/span><\/p>\n<p><span style=\"color: #ff6600;\"><strong>18 avril 2017<\/strong><\/span> <strong>D\u00e9c\u00e8s de l&rsquo;abb\u00e9 Paul Malherbe, membre d&rsquo;Eglise-Wallonie, ancien vicaire \u00e9piscopal, ancien cur\u00e9 de la\u00a0<\/strong><b>paroisse de la\u00a0paroisse St Jean-Baptiste et St Loup \u00e0\u00a0Namur centre<\/b> (voir bulletin <strong><span style=\"color: #0000ff;\"><a style=\"color: #0000ff;\" href=\"http:\/\/www.eglise-wallonie.be\/wp-content\/uploads\/EW-BULL-2-2017-PDF.pdf\">2\/2017<\/a><\/span><\/strong>, pp. 9-10 et<strong><span style=\"color: #0000ff;\"><a style=\"color: #0000ff;\" href=\"http:\/\/www.eglise-wallonie.be\/wp-content\/uploads\/Paul-Malherbe-book.pdf\"> livre<\/a><\/span><\/strong> d&rsquo;\u00e9crits de et sur Paul Malherbe)<\/p>\n<p><img loading=\"lazy\" class=\"\" src=\"http:\/\/www.eglise-wallonie.be\/wp-content\/uploads\/berger.jpeg\" width=\"267\" height=\"376\" \/><\/p>\n<p><span style=\"color: #333333;\"><span style=\"color: #ff6600;\"><strong>25 mars 2017<\/strong> <\/span>r\u00e9union du comit\u00e9 \u00e0 Namur (Escholle dominicale pour les Pauvres)<\/span><\/p>\n<p><strong><span style=\"color: #ff6600;\">27 janvier 2017<\/span><\/strong> <strong>D\u00e9c\u00e8s d&rsquo;<a href=\"http:\/\/www.eglise-wallonie.be\/wp-content\/uploads\/Emile-Servais.pdf\">Emile<\/a> Servais, membre d&rsquo;Eglise-Wallonie <\/strong>(voir bulletin <strong><a href=\"http:\/\/www.eglise-wallonie.be\/wp-content\/uploads\/EW-BULL-12017.pdf\">1\/2017<\/a><\/strong>, pp. 8-9)<\/p>\n<p><span style=\"color: #ff6600;\"><strong>17 janvier\u00a02017\u00a0<span style=\"color: #000000;\">D\u00e9c\u00e8s de<a href=\"http:\/\/www.eglise-wallonie.be\/wp-content\/uploads\/Hommage-\u00e0-Jean-Verjans-2.pdf\"> Jean\u00a0<\/a><\/span><\/strong><\/span><span style=\"color: #000000;\"><b>Verjans, ancien\u00a0membre du Comit\u00e9 <\/b>(voir bulletin <strong><a href=\"http:\/\/www.eglise-wallonie.be\/wp-content\/uploads\/EW-BULL-12017.pdf\">1\/2017<\/a><\/strong>, pp. 7-8)<\/span><\/p>\n<p><strong><span style=\"color: #ff6600;\">10 d\u00e9cembre 2016, apr\u00e8s-midi \u00e0\u00a0Namur \u00a0<\/span><span style=\"color: #ff0000;\">Assembl\u00e9e G\u00e9n\u00e9rale annuelle statutaire. <span style=\"color: #000000;\"><a href=\"http:\/\/www.eglise-wallonie.be\/wp-content\/uploads\/EW-AG-10-d\u00e9cembre-2016-diaporama.pdf\">Rapport<\/a>.<\/span><\/span><span style=\"color: #000000;\">\u00a0<\/span><span style=\"color: #333300;\">Modification des\u00a0<\/span><span style=\"color: #333300;\"><a href=\"http:\/\/www.eglise-wallonie.be\/wp-content\/uploads\/R\u00e8gles-de-fonctionnement-Eglise-Wallonie-version-2016.pdf\">r\u00e8gles de fonctionnement <\/a>(nouveau statut : membre associ\u00e9 au Comit\u00e9); \u00e9lection de Pierrot Dufaux, Vincent Lohest, Dominique Pirson au Comit\u00e9,\u00a0<\/span><\/strong><b><span style=\"color: #333300;\">Edouard Brion et Joseph Pirson membres associ\u00e9s du Comit\u00e9, Rudi Claudot,\u00a0membre de l&rsquo;assembl\u00e9e.\u00a0<\/span><span style=\"color: #333300;\">Rapports\u00a0d&rsquo;activit\u00e9 et des finances.<\/span><span style=\"color: #008000;\">\u00a0Intervention de Joseph Pirson : \u00ab\u00a0Engagements citoyens et mouvements sociaux\u00a0\u00bb<\/span><span style=\"color: #333300;\">, adoption des\u00a0orientations d&rsquo;actions pour l&rsquo;ann\u00e9e 2017.<\/span><\/b><\/p>\n<p><span style=\"color: #008080;\"><span style=\"color: #ff9900;\"><strong><span style=\"color: #ff6600;\">12\u00a0novembre 2016<\/span><\/strong>\u00a0<\/span><\/span><span style=\"color: #008080;\"><span style=\"color: #333333;\">r\u00e9union du comit\u00e9 \u00e0 Namur (Escholle dominicale pour les Pauvres)<\/span><\/span><\/p>\n<p><span style=\"color: #ff6600;\"><strong>5 novembre 2016<\/strong>\u00a0<\/span>\u00e0 Namur \u00e0 <strong><span style=\"color: #008000;\">RivEsp\u00e9r<\/span><\/strong><span style=\"color: #003366;\"><strong><span style=\"color: #008000;\">ances<\/span><\/strong>, atel<\/span>ier commun (Centre AVEC, Entraide et fraternit\u00e9, Vivre-Ensemble, Justice et paix, Eglise-Wallonie) : <strong><span style=\"color: #ff0000;\">Laudato Si&rsquo;<\/span><\/strong><\/p>\n<p><span style=\"color: #000000;\"><strong><span style=\"color: #ff6600;\"><span style=\"color: #0000ff;\"><span style=\"color: #ff6600;\"><span style=\"color: #ff6600;\">3<\/span><\/span><\/span><\/span><span style=\"color: #ff6600;\"><span style=\"color: #0000ff;\"><span style=\"color: #ff6600;\"><span style=\"color: #ff6600;\"> septembre 2016<span style=\"color: #000000;\">\u00a0<\/span><\/span><\/span><\/span><\/span><\/strong><span style=\"color: #ff6600;\"><span style=\"color: #0000ff;\"><span style=\"color: #ff6600;\"><span style=\"color: #ff6600;\"><span style=\"color: #000000;\">r\u00e9union du comit\u00e9<\/span><\/span><\/span><\/span><\/span><span style=\"color: #008000;\">\u00a0<span style=\"color: #333333;\">\u00e0 Namur (Escholle domincale pour les Pauvres)\u00a0<\/span><\/span><\/span><\/p>\n<p><span style=\"color: #000000;\"><strong><span style=\"color: #ff6600;\"><span style=\"color: #0000ff;\"><span style=\"color: #ff6600;\">25 juin 2016<span style=\"color: #666699;\">\u00a0<\/span><\/span><\/span><\/span><\/strong><span style=\"color: #ff6600;\"><span style=\"color: #0000ff;\"><span style=\"color: #ff6600;\"><span style=\"color: #666699;\"><span style=\"color: #333333;\">r\u00e9union du comit\u00e9 \u00e0 Namur ( Escholle dominicale pour les Pauvres)<\/span><\/span><\/span><\/span><\/span><\/span><\/p>\n<p><span style=\"color: #000000;\"><strong><span style=\"color: #ff6600;\"><span style=\"color: #0000ff;\"><span style=\"color: #ff6600;\">9 avril 2016<\/span><\/span><\/span><\/strong> r\u00e9union du comit\u00e9 \u00e0 Namur ( Escholle dominicale pour les Pauvres)<\/span><\/p>\n<p><span style=\"color: #000000;\"><strong><span style=\"color: #ff6600;\"><span style=\"color: #0000ff;\"><span style=\"color: #ff6600;\">12<\/span><\/span><\/span><span style=\"color: #ff6600;\"><span style=\"color: #0000ff;\"><span style=\"color: #ff6600;\"> mars 2016<\/span><\/span><\/span><\/strong> <span style=\"color: #ff6600;\"><span style=\"color: #0000ff;\"><span style=\"color: #ff6600;\"><span style=\"color: #000000;\">r\u00e9union du Comit\u00e9 \u00e0 Namur (Escholle dominicale pour les Pauvres)<\/span><\/span><\/span><\/span><\/span><\/p>\n<p><span style=\"color: #000000;\"><strong><span style=\"color: #ff6600;\"><span style=\"color: #0000ff;\"><span style=\"color: #ff6600;\">30 janvier 2016<\/span>\u00a0 <span style=\"color: #339966;\">\u00a0journ\u00e9e d&rsquo;\u00e9tude \u00ab\u00a0NOTRE TERRE DEMAIN?\u00a0\u00bb <\/span><\/span><\/span><\/strong><span style=\"color: #ff6600;\"><span style=\"color: #0000ff;\"><span style=\"color: #339966;\"><span style=\"color: #000000;\">(voir<\/span><\/span><\/span><\/span><strong><span style=\"color: #ff6600;\"><span style=\"color: #0000ff;\"><span style=\"color: #339966;\"><span style=\"color: #000000;\">\u00a0<a href=\"http:\/\/www.eglise-wallonie.be\/wp-content\/uploads\/EW-Bulletin-1-2016.pdf\"><span style=\"color: #0000ff;\">Bulletin 2016\/1<\/span><\/a><\/span><\/span><\/span><\/span><\/strong><span style=\"color: #ff6600;\"><span style=\"color: #0000ff;\"><span style=\"color: #339966;\"><span style=\"color: #000000;\"><span style=\"color: #0000ff;\"><span style=\"color: #000000;\">)<\/span><\/span><\/span><\/span><\/span><\/span><\/span><\/p>\n<p><strong><span style=\"color: #ff6600;\">15 septembre 2016\u00a0<\/span><\/strong><span style=\"color: #000000;\">r\u00e9union du Comit\u00e9 \u00e0 Namur (Jambes)<\/span><\/p>\n<p><strong><span style=\"color: #ff6600;\">14 novembre 2015\u00a0<\/span><\/strong><span style=\"color: #000000;\">r\u00e9union du comit\u00e9 chez les \u00ab\u00a0P\u00e8res des Sacr\u00e9s-C\u0153urs\u00a0\u00bb (Charleroi)<\/span><\/p>\n<p><strong><span style=\"color: #000000;\"><span style=\"color: #ff6600;\">1 octobre 2015<\/span> D\u00e9c\u00e8s \u00e0 Sart-Dames-Aveniles de\u00a0l&rsquo;abb\u00e9 <a href=\"http:\/\/www.eglise-wallonie.be\/wp-content\/uploads\/Omer-Henrivaux.pdf\">Omer Henrivaux<\/a>, membre fondateur d&rsquo;Eglise- Wallonie<\/span><\/strong><\/p>\n<p><strong><span style=\"color: #000000;\"><a href=\"http:\/\/www.eglise-wallonie.be\/wp-content\/uploads\/25-anniversaire-MAC-2.jpg\"><img loading=\"lazy\" class=\"alignnone wp-image-2007\" src=\"http:\/\/www.eglise-wallonie.be\/wp-content\/uploads\/25-anniversaire-MAC-2-238x300.jpg\" alt=\"25 anniversaire MAC (2)\" width=\"258\" height=\"326\" srcset=\"http:\/\/www.eglise-wallonie.be\/wp-content\/uploads\/25-anniversaire-MAC-2-238x300.jpg 238w, http:\/\/www.eglise-wallonie.be\/wp-content\/uploads\/25-anniversaire-MAC-2-811x1024.jpg 811w, http:\/\/www.eglise-wallonie.be\/wp-content\/uploads\/25-anniversaire-MAC-2.jpg 1180w\" sizes=\"(max-width: 258px) 100vw, 258px\" \/><\/a><\/span><span style=\"color: #ff6600;\">\u00a0<\/span><\/strong><\/p>\n<p><strong><span style=\"color: #ff6600;\">19\u00a0septembre 2015\u00a0<\/span><\/strong><span style=\"color: #ff6600;\"><span style=\"color: #000000;\">r\u00e9union du comit\u00e9 \u00e0 la Maison Ouvri\u00e8re (Quaregnon)<\/span><\/span><\/p>\n<p><strong><span style=\"color: #000000;\"><span style=\"color: #ff6600;\">29 ao\u00fbt 2015<\/span> D\u00e9c\u00e8s de <a href=\"http:\/\/www.eglise-wallonie.be\/wp-content\/uploads\/Louvet-Jean.pdf\">Jean Louvet<\/a>,\u00a0pr\u00e9sident du Mouvement du\u00a0Manifeste\u00a0Wallon, compagnon de route d&rsquo;EW \u00e0 travers les mouvances\u00a0philosophiques et religieuses du mouvement wallon<\/span><\/strong><\/p>\n<div id=\"attachment_1990\" style=\"width: 268px\" class=\"wp-caption alignnone\"><a href=\"http:\/\/www.eglise-wallonie.be\/wp-content\/uploads\/Louvet-photo.-e1448871965135.jpg\"><img aria-describedby=\"caption-attachment-1990\" loading=\"lazy\" class=\"wp-image-1990\" src=\"http:\/\/www.eglise-wallonie.be\/wp-content\/uploads\/Louvet-photo.-243x300.jpg\" alt=\"Jean Louvet lisant, au 25e anniversaire d'Eglise-Wallonie un extrait de sa pi\u00e8ce &quot;Pierre Harmignie, Num\u00e9ro 17\u2014Pr\u00eatre&quot;, 2005\" width=\"258\" height=\"63\" \/><\/a><p id=\"caption-attachment-1990\" class=\"wp-caption-text\">Jean Louvet lisant, au 25e anniversaire d&rsquo;Eglise-Wallonie un extrait de sa pi\u00e8ce \u00ab\u00a0Pierre Harmignie, Num\u00e9ro 17\u2014Pr\u00eatre\u00a0\u00bb, 2005<\/p><\/div>\n<p><strong><span style=\"color: #ff6600;\">11 avril 2015<\/span><span style=\"color: #000000;\">\u00a0<\/span><\/strong><span style=\"color: #ff6600;\"><span style=\"color: #000000;\">r\u00e9union du comit\u00e9<\/span><\/span><\/p>\n<p><strong><span style=\"color: #ff6600;\">14 mars 2015<\/span><\/strong><span style=\"color: #ff6600;\">\u00a0<\/span><span style=\"color: #ff6600;\"><span style=\"color: #000000;\">r\u00e9union du comit\u00e9.<a title=\"Election\" href=\"http:\/\/www.eglise-wallonie.be\/wp-content\/uploads\/REELECTION-ET-REFLEXIONS-A-EGLISE.pdf\"> <span style=\"color: #008000;\"><span style=\"color: #3366ff;\">Election<\/span> de Luc Mar\u00e9chal, pr\u00e9sident du mouvement EW<\/span>\u00a0<\/a><\/span><\/span><\/p>\n<p><span style=\"color: #ff6600;\"><b>10 janvier 2015\u00a0<\/b><span style=\"color: #000000;\">r\u00e9union du comit\u00e9<\/span><\/span><\/p>\n<p><strong><span style=\"color: #000000;\"><span style=\"color: #ff6600;\">10 d\u00e9cembre 2014<\/span> D\u00e9c\u00e8s de Jean-Emile Humblet, membre fondateur d&rsquo;Eglise-Wallonie, Pr\u00e9sident d&rsquo;honneur<\/span><\/strong><\/p>\n<p>&nbsp;<\/p>\n<p><img loading=\"lazy\" class=\"alignnone wp-image-2115\" src=\"http:\/\/www.eglise-wallonie.be\/wp-content\/uploads\/548db3a83570a0fe4d047320-1-Version-2.jpg\" alt=\"548db3a83570a0fe4d047320-1 - Version 2\" width=\"258\" height=\"322\" \/><\/p>\n<p><span style=\"color: #ff6600;\"><strong>15 novembre 2014 <\/strong><\/span><span style=\"color: #000000;\">expos\u00e9 de Jean-Pierre Lema\u00eetre \u00ab\u00a0Oser \u00eatre chr\u00e9tien et wallon pour l&rsquo;essor \u00e9conomique, social, culturel et environnemental de la Wallonie\u00a0\u00bb. <span style=\"color: #008000;\">Assembl\u00e9e g\u00e9n\u00e9rale annuelle<\/span><\/span><\/p>\n<p><span style=\"color: #ff6600;\"><strong>25 octobre 2014\u00a0<\/strong><span style=\"color: #008000;\">RivEsp\u00e9rances 2014<span style=\"color: #000000;\"> atelier d&rsquo;EW : \u00ab\u00a0Wallonie, Eglise. Souffrances et esp\u00e9rances\u00a0\u00bb (avec Maurice Cheza, Brigitte Laurent, Jean-Fran\u00e7ois Husson)<\/span><\/span><\/span><\/p>\n<p><span style=\"color: #ff6600;\"><strong>19 octobre 2013<\/strong><\/span><strong>\u00a0<\/strong><span style=\"color: #000000;\">conf\u00e9rence-d\u00e9bat \u00ab\u00a0L&rsquo;avenir des Wallons apr\u00e8s la 6i\u00e8me r\u00e9forme de l&rsquo;Etat\u00a0\u00bb (Philippe Defeyt, Christophe Ernaelsteen, Maurice Cheza). <span style=\"color: #008000;\">Assembl\u00e9e g\u00e9n\u00e9rale extraordinaire <\/span>(adoption des r\u00e8gles de fonctionnement du mouvement)<\/span><\/p>\n<p><span style=\"color: #ff6600;\"><strong>(&#8230;)<\/strong><\/span><\/p>\n<p><span style=\"color: #ff0000;\"><strong>1983 Cr\u00e9ation officielle d&rsquo;Eglise-Wallonie<\/strong><\/span><\/p>\n","protected":false},"excerpt":{"rendered":"<p>DATE A BLOQUER : 9 MAI Conf\u00e9rence-d\u00e9bat avec Christian LAPORTE, journaliste (14h30-16), Assembl\u00e9e g\u00e9n\u00e9rale\u00a0annuelle\u00a0d&rsquo;EW (16h-17h30) \u00e0 Namur, Escholle des Pauvres, 20 rue Ruppl\u00e9mont 25 janvier 2020 r\u00e9union du Comit\u00e9 \u00e0&#8230;<\/p>\n","protected":false},"author":1,"featured_media":0,"parent":0,"menu_order":0,"comment_status":"closed","ping_status":"closed","template":"","meta":[],"_links":{"self":[{"href":"http:\/\/www.eglise-wallonie.be\/index.php?rest_route=\/wp\/v2\/pages\/1887"}],"collection":[{"href":"http:\/\/www.eglise-wallonie.be\/index.php?rest_route=\/wp\/v2\/pages"}],"about":[{"href":"http:\/\/www.eglise-wallonie.be\/index.php?rest_route=\/wp\/v2\/types\/page"}],"author":[{"embeddable":true,"href":"http:\/\/www.eglise-wallonie.be\/index.php?rest_route=\/wp\/v2\/users\/1"}],"replies":[{"embeddable":true,"href":"http:\/\/www.eglise-wallonie.be\/index.php?rest_route=%2Fwp%2Fv2%2Fcomments&post=1887"}],"version-history":[{"count":84,"href":"http:\/\/www.eglise-wallonie.be\/index.php?rest_route=\/wp\/v2\/pages\/1887\/revisions"}],"predecessor-version":[{"id":2639,"href":"http:\/\/www.eglise-wallonie.be\/index.php?rest_route=\/wp\/v2\/pages\/1887\/revisions\/2639"}],"wp:attachment":[{"href":"http:\/\/www.eglise-wallonie.be\/index.php?rest_route=%2Fwp%2Fv2%2Fmedia&parent=1887"}],"curies":[{"name":"wp","href":"https:\/\/api.w.org\/{rel}","templated":true}]}}