{"id":2,"date":"2014-04-04T10:04:34","date_gmt":"2014-04-04T10:04:34","guid":{"rendered":"http:\/\/www.eglise-wallonie.be\/?page_id=2"},"modified":"2020-02-13T21:48:28","modified_gmt":"2020-02-13T20:48:28","slug":"sample-page","status":"publish","type":"page","link":"http:\/\/www.eglise-wallonie.be\/?page_id=2","title":{"rendered":"Qui sommes-nous?"},"content":{"rendered":"[vc_row type=\u00a0\u00bbin_container\u00a0\u00bb full_screen_row_position=\u00a0\u00bbmiddle\u00a0\u00bb scene_position=\u00a0\u00bbcenter\u00a0\u00bb text_color=\u00a0\u00bbdark\u00a0\u00bb text_align=\u00a0\u00bbleft\u00a0\u00bb overlay_strength=\u00a0\u00bb0.3&Prime; shape_divider_position=\u00a0\u00bbbottom\u00a0\u00bb][vc_column column_padding=\u00a0\u00bbno-extra-padding\u00a0\u00bb column_padding_position=\u00a0\u00bball\u00a0\u00bb background_color_opacity=\u00a0\u00bb1&Prime; background_hover_color_opacity=\u00a0\u00bb1&Prime; column_shadow=\u00a0\u00bbnone\u00a0\u00bb column_border_radius=\u00a0\u00bbnone\u00a0\u00bb top_margin=\u00a0\u00bb40&Prime; width=\u00a0\u00bb1\/1&Prime; tablet_text_alignment=\u00a0\u00bbdefault\u00a0\u00bb phone_text_alignment=\u00a0\u00bbdefault\u00a0\u00bb column_border_width=\u00a0\u00bbnone\u00a0\u00bb column_border_style=\u00a0\u00bbsolid\u00a0\u00bb][vc_column_text]\n<h4><\/h4>\n<h4><span style=\"color: #ff6600;\">Le mouvement Eglise-Wallonie, n\u00e9 de fa\u00e7on informelle en 1980 et lanc\u00e9 en 1983, est une association de chr\u00e9tiens wallons qui s&rsquo;efforcent de stimuler la r\u00e9flexion et l&rsquo;action des catholiques wallons dans le sens d&rsquo;un engagement r\u00e9solu de l&rsquo;Eglise dans les enjeux de la soci\u00e9t\u00e9 wallonne.<\/span><\/h4>\n<p>Dans la perspective d&rsquo;ouverture dont les lignes ont \u00e9t\u00e9 trac\u00e9es par le concile de Vatican II et en vue d&rsquo;une meilleure prise en compte des transformations soci\u00e9tales n\u00e9es notamment de la cr\u00e9ation de la R\u00e9gion wallonne, le mouvement s&rsquo;efforce de susciter des d\u00e9bats\u00a0: le pluralisme en Wallonie, la presse, le devenir wallon, le denier du culte, le financement des r\u00e9seaux hospitaliers et scolaires, l&rsquo;adaptation des dioc\u00e8ses aux nouvelles r\u00e9alit\u00e9s institutionnelles, les implications pour la vie de Foi de la recomposition du cadre de vie, spatial et temporel, des habitants de Wallonie.<\/p>\n<p>Le mouvement poursuit par ailleurs un effort de conscientisation sur le long terme en travaillant \u00e0 doter les catholiques d&rsquo;outils intellectuels permettant de mieux \u00e9valuer la situation pr\u00e9sente et les ant\u00e9c\u00e9dents du christianisme en Wallonie.<\/p>\n<p>Enfin, Eglise-Wallonie, par ses publications, veut rendre m\u00e9moire active des hommes, des femmes, qui ont voulu vivre une foi engag\u00e9e.<\/p>\n<p>Eglise-Wallonie est membre du Conseil interdioc\u00e9sain des laics (CIL) des \u00e9vech\u00e9s de Wallonie et de Bruxelles. Jean-Pierre Lema\u00eetre y repr\u00e9sente Eglise-Wallonie.<\/p>\n<p>Un Comit\u00e9 assure l&rsquo;organisation et le d\u00e9veloppement des actions du mouvement, sur base des orientations donn\u00e9es par l&rsquo;Assembl\u00e9e g\u00e9n\u00e9rale annuelle, dont sont membres les cotisants.<\/p>\n<p>Association de fait, <a href=\"http:\/\/www.eglise-wallonie.be\/wp-content\/uploads\/R\u00e8gles-de-fonctionnement-Eglise-Wallonie-version-2016-1.pdf\">des<span style=\"color: #000080;\"> r\u00e8gles de fonctionnement<\/span><\/a> organisent\u00a0sa gestion.<\/p>\n<p><strong>Membres du comit\u00e9 d&rsquo;\u00c9glise-Wallonie:<\/strong><\/p>\n<p>Jacques Briard, \u00c9douard Brion (membre associ\u00e9), Ren\u00e9 Dardenne, Pierrot Dufaux, Jean-Pierre Lema\u00eetre (tr\u00e9sorier), Luc Mar\u00e9chal (pr\u00e9sident), Andr\u00e9 Michel, Dominique\u00a0Pirson, Joseph Pirson (membre associ\u00e9)<\/p>\n","protected":false},"excerpt":{"rendered":"<p>[vc_row type=\u00a0\u00bbin_container\u00a0\u00bb full_screen_row_position=\u00a0\u00bbmiddle\u00a0\u00bb scene_position=\u00a0\u00bbcenter\u00a0\u00bb text_color=\u00a0\u00bbdark\u00a0\u00bb text_align=\u00a0\u00bbleft\u00a0\u00bb overlay_strength=\u00a0\u00bb0.3&Prime; shape_divider_position=\u00a0\u00bbbottom\u00a0\u00bb][vc_column column_padding=\u00a0\u00bbno-extra-padding\u00a0\u00bb column_padding_position=\u00a0\u00bball\u00a0\u00bb background_color_opacity=\u00a0\u00bb1&Prime; background_hover_color_opacity=\u00a0\u00bb1&Prime; column_shadow=\u00a0\u00bbnone\u00a0\u00bb column_border_radius=\u00a0\u00bbnone\u00a0\u00bb top_margin=\u00a0\u00bb40&Prime; width=\u00a0\u00bb1\/1&Prime; tablet_text_alignment=\u00a0\u00bbdefault\u00a0\u00bb phone_text_alignment=\u00a0\u00bbdefault\u00a0\u00bb column_border_width=\u00a0\u00bbnone\u00a0\u00bb column_border_style=\u00a0\u00bbsolid\u00a0\u00bb][vc_column_text] Le mouvement Eglise-Wallonie, n\u00e9 de fa\u00e7on informelle en 1980 et&#8230;<\/p>\n","protected":false},"author":1,"featured_media":0,"parent":0,"menu_order":0,"comment_status":"open","ping_status":"open","template":"","meta":[],"_links":{"self":[{"href":"http:\/\/www.eglise-wallonie.be\/index.php?rest_route=\/wp\/v2\/pages\/2"}],"collection":[{"href":"http:\/\/www.eglise-wallonie.be\/index.php?rest_route=\/wp\/v2\/pages"}],"about":[{"href":"http:\/\/www.eglise-wallonie.be\/index.php?rest_route=\/wp\/v2\/types\/page"}],"author":[{"embeddable":true,"href":"http:\/\/www.eglise-wallonie.be\/index.php?rest_route=\/wp\/v2\/users\/1"}],"replies":[{"embeddable":true,"href":"http:\/\/www.eglise-wallonie.be\/index.php?rest_route=%2Fwp%2Fv2%2Fcomments&post=2"}],"version-history":[{"count":16,"href":"http:\/\/www.eglise-wallonie.be\/index.php?rest_route=\/wp\/v2\/pages\/2\/revisions"}],"predecessor-version":[{"id":2634,"href":"http:\/\/www.eglise-wallonie.be\/index.php?rest_route=\/wp\/v2\/pages\/2\/revisions\/2634"}],"wp:attachment":[{"href":"http:\/\/www.eglise-wallonie.be\/index.php?rest_route=%2Fwp%2Fv2%2Fmedia&parent=2"}],"curies":[{"name":"wp","href":"https:\/\/api.w.org\/{rel}","templated":true}]}}

[vc_row type= »in_container » full_screen_row_position= »middle » scene_position= »center » text_color= »dark » text_align= »left » overlay_strength= »0.3&Prime; shape_divider_position= »bottom »][vc_column column_padding= »no-extra-padding » column_padding_position= »all » background_color_opacity= »1&Prime; background_hover_color_opacity= »1&Prime; column_shadow= »none » column_border_radius= »none » top_margin= »40&Prime; width= »1/1&Prime; tablet_text_alignment= »default » phone_text_alignment= »default » column_border_width= »none » column_border_style= »solid »][vc_column_text]
<h4></h4>
<h4><span style="color: #ff6600;">Le mouvement Eglise-Wallonie, né de façon informelle en 1980 et lancé en 1983, est une association de chrétiens wallons qui s&rsquo;efforcent de stimuler la réflexion et l&rsquo;action des catholiques wallons dans le sens d&rsquo;un engagement résolu de l&rsquo;Eglise dans les enjeux de la société wallonne.</span></h4>
<p>Dans la perspective d&rsquo;ouverture dont les lignes ont été tracées par le concile de Vatican II et en vue d&rsquo;une meilleure prise en compte des transformations sociétales nées notamment de la création de la Région wallonne, le mouvement s&rsquo;efforce de susciter des débats : le pluralisme en Wallonie, la presse, le devenir wallon, le denier du culte, le financement des réseaux hospitaliers et scolaires, l&rsquo;adaptation des diocèses aux nouvelles réalités institutionnelles, les implications pour la vie de Foi de la recomposition du cadre de vie, spatial et temporel, des habitants de Wallonie.</p>
<p>Le mouvement poursuit par ailleurs un effort de conscientisation sur le long terme en travaillant à doter les catholiques d&rsquo;outils intellectuels permettant de mieux évaluer la situation présente et les antécédents du christianisme en Wallonie.</p>
<p>Enfin, Eglise-Wallonie, par ses publications, veut rendre mémoire active des hommes, des femmes, qui ont voulu vivre une foi engagée.</p>
<p>Eglise-Wallonie est membre du Conseil interdiocésain des laics (CIL) des évechés de Wallonie et de Bruxelles. Jean-Pierre Lemaître y représente Eglise-Wallonie.</p>
<p>Un Comité assure l&rsquo;organisation et le développement des actions du mouvement, sur base des orientations données par l&rsquo;Assemblée générale annuelle, dont sont membres les cotisants.</p>
<p>Association de fait, <a href="http://www.eglise-wallonie.be/wp-content/uploads/Règles-de-fonctionnement-Eglise-Wallonie-version-2016-1.pdf">des<span style="color: #000080;"> règles de fonctionnement</span></a> organisent sa gestion.</p>
<p><strong>Membres du comité d&rsquo;Église-Wallonie:</strong></p>
<p>Jacques Briard, Édouard Brion (membre associé), René Dardenne, Pierrot Dufaux, Jean-Pierre Lemaître (trésorier), Luc Maréchal (président), André Michel, Dominique Pirson, Joseph Pirson (membre associé)</p>

<p>[vc_row type= »in_container » full_screen_row_position= »middle » scene_position= »center » text_color= »dark » text_align= »left » overlay_strength= »0.3&Prime; shape_divider_position= »bottom »][vc_column column_padding= »no-extra-padding » column_padding_position= »all » background_color_opacity= »1&Prime; background_hover_color_opacity= »1&Prime; column_shadow= »none » column_border_radius= »none » top_margin= »40&Prime; width= »1/1&Prime; tablet_text_alignment= »default » phone_text_alignment= »default » column_border_width= »none » column_border_style= »solid »][vc_column_text] Le mouvement Eglise-Wallonie, né de façon informelle en 1980 et&#8230;</p>
